{"id":271,"date":"2014-04-20T22:44:06","date_gmt":"2014-04-20T20:44:06","guid":{"rendered":"http:\/\/vdh-sindelfingen.de\/CMS\/?page_id=271"},"modified":"2023-09-23T14:47:19","modified_gmt":"2023-09-23T12:47:19","slug":"vereinsgaststaette","status":"publish","type":"page","link":"https:\/\/vdh-sindelfingen.de\/?page_id=271","title":{"rendered":"Gastst\u00e4tte"},"content":{"rendered":"<table class=\"wp-list-table widefat fixed striped posts\">\n<tbody id=\"the-list\">\n<tr id=\"post-3150\" class=\"iedit author-self level-0 post-3150 type-hurrytimer_countdown status-publish hentry nodate item-wrap\">\n<td class=\"mode column-mode\" data-colname=\"Mode\">\u00a0<\/td>\n<td class=\"CampaignShortcode column-CampaignShortcode\" data-colname=\"CampaignShortcode\">\u00a0<\/td>\n<\/tr>\n<\/tbody>\n<\/table>\n<p><a href=\"https:\/\/vdh-sindelfingen.de\/wp-content\/uploads\/IMG_7388-Kopie.jpg\"><img loading=\"lazy\" decoding=\"async\" class=\"wp-image-3212 size-full aligncenter\" src=\"https:\/\/vdh-sindelfingen.de\/wp-content\/uploads\/IMG_7388-Kopie.jpg\" alt=\"\" width=\"3024\" height=\"1683\" srcset=\"https:\/\/vdh-sindelfingen.de\/wp-content\/uploads\/IMG_7388-Kopie.jpg 3024w, https:\/\/vdh-sindelfingen.de\/wp-content\/uploads\/IMG_7388-Kopie-300x167.jpg 300w, https:\/\/vdh-sindelfingen.de\/wp-content\/uploads\/IMG_7388-Kopie-768x427.jpg 768w, https:\/\/vdh-sindelfingen.de\/wp-content\/uploads\/IMG_7388-Kopie-1024x570.jpg 1024w\" sizes=\"auto, (max-width: 3024px) 100vw, 3024px\" \/><\/a><\/p>\n<p>Wir als Verein hei\u00dfen unsere neue P\u00e4chterfamilie Dundic herzlich Willkommen.<\/p>\n<p>Josip Dundic wird die Wirtschaft mit seiner Frau und seinem Bruder als Familienbetrieb f\u00fchren und somit an unsere Traditionen ankn\u00fcpfen.<\/p>\n<p>Die Familie \u00fcbernimmt die Wirtschaft zum<strong> 01. M\u00e4rz 2020.<\/strong><\/p>\n<p>Wir w\u00fcnschen Ihnen viel Erfolg und freuen uns auf eine gemeinsame Zukunft.<\/p>\n<p><span aria-label=\"07031 809939 anrufen\">Telefonnummer Wirtschaft: 07031 809939<\/span><\/p>\n\n\t\t<style type=\"text\/css\">\n\t\t\t#gallery-1 {\n\t\t\t\tmargin: auto;\n\t\t\t}\n\t\t\t#gallery-1 .gallery-item {\n\t\t\t\tfloat: left;\n\t\t\t\tmargin-top: 10px;\n\t\t\t\ttext-align: center;\n\t\t\t\twidth: 33%;\n\t\t\t}\n\t\t\t#gallery-1 img {\n\t\t\t\tborder: 2px solid #cfcfcf;\n\t\t\t}\n\t\t\t#gallery-1 .gallery-caption {\n\t\t\t\tmargin-left: 0;\n\t\t\t}\n\t\t\t\/* see gallery_shortcode() in wp-includes\/media.php *\/\n\t\t<\/style>\n\t\t<div id='gallery-1' class='gallery galleryid-271 gallery-columns-3 gallery-size-thumbnail'><dl class='gallery-item'>\n\t\t\t<dt class='gallery-icon landscape'>\n\t\t\t\t<a href='https:\/\/vdh-sindelfingen.de\/wp-content\/uploads\/Vereinsgastst\u00e4tte_3.jpg'><img loading=\"lazy\" decoding=\"async\" width=\"150\" height=\"150\" src=\"https:\/\/vdh-sindelfingen.de\/wp-content\/uploads\/Vereinsgastst\u00e4tte_3-150x150.jpg\" class=\"attachment-thumbnail size-thumbnail\" alt=\"\" \/><\/a>\n\t\t\t<\/dt><\/dl><dl class='gallery-item'>\n\t\t\t<dt class='gallery-icon landscape'>\n\t\t\t\t<a href='https:\/\/vdh-sindelfingen.de\/wp-content\/uploads\/IMGP4197-800x534-e1427660078342.jpg'><img loading=\"lazy\" decoding=\"async\" width=\"150\" height=\"150\" src=\"https:\/\/vdh-sindelfingen.de\/wp-content\/uploads\/IMGP4197-800x534-150x150.jpg\" class=\"attachment-thumbnail size-thumbnail\" alt=\"\" \/><\/a>\n\t\t\t<\/dt><\/dl><dl class='gallery-item'>\n\t\t\t<dt class='gallery-icon landscape'>\n\t\t\t\t<a href='https:\/\/vdh-sindelfingen.de\/wp-content\/uploads\/Vereinsgastst\u00e4tte_1.jpg'><img loading=\"lazy\" decoding=\"async\" width=\"150\" height=\"150\" src=\"https:\/\/vdh-sindelfingen.de\/wp-content\/uploads\/Vereinsgastst\u00e4tte_1-150x150.jpg\" class=\"attachment-thumbnail size-thumbnail\" alt=\"\" \/><\/a>\n\t\t\t<\/dt><\/dl><br style=\"clear: both\" \/><dl class='gallery-item'>\n\t\t\t<dt class='gallery-icon landscape'>\n\t\t\t\t<a href='https:\/\/vdh-sindelfingen.de\/wp-content\/uploads\/IMGP4198-800x530-e1427660085569.jpg'><img loading=\"lazy\" decoding=\"async\" width=\"150\" height=\"150\" src=\"https:\/\/vdh-sindelfingen.de\/wp-content\/uploads\/IMGP4198-800x530-150x150.jpg\" class=\"attachment-thumbnail size-thumbnail\" alt=\"\" \/><\/a>\n\t\t\t<\/dt><\/dl><dl class='gallery-item'>\n\t\t\t<dt class='gallery-icon landscape'>\n\t\t\t\t<a href='https:\/\/vdh-sindelfingen.de\/wp-content\/uploads\/IMGP4205-800x534-e1427660092745.jpg'><img loading=\"lazy\" decoding=\"async\" width=\"150\" height=\"150\" src=\"https:\/\/vdh-sindelfingen.de\/wp-content\/uploads\/IMGP4205-800x534-150x150.jpg\" class=\"attachment-thumbnail size-thumbnail\" alt=\"\" \/><\/a>\n\t\t\t<\/dt><\/dl><dl class='gallery-item'>\n\t\t\t<dt class='gallery-icon landscape'>\n\t\t\t\t<a href='https:\/\/vdh-sindelfingen.de\/wp-content\/uploads\/Vereinsgastst\u00e4tte_2.jpg'><img loading=\"lazy\" decoding=\"async\" width=\"150\" height=\"150\" src=\"https:\/\/vdh-sindelfingen.de\/wp-content\/uploads\/Vereinsgastst\u00e4tte_2-150x150.jpg\" class=\"attachment-thumbnail size-thumbnail\" alt=\"\" \/><\/a>\n\t\t\t<\/dt><\/dl><br style=\"clear: both\" \/>\n\t\t<\/div>\n\n<p><strong>\u00a0<\/strong><\/p>\n\n","protected":false},"excerpt":{"rendered":"<p>\u00a0 \u00a0 Wir als Verein hei\u00dfen unsere neue P\u00e4chterfamilie Dundic herzlich Willkommen. Josip Dundic wird die Wirtschaft mit seiner Frau und seinem Bruder als Familienbetrieb f\u00fchren und somit an unsere Traditionen ankn\u00fcpfen. Die Familie \u00fcbernimmt die Wirtschaft zum 01. M\u00e4rz 2020. Wir w\u00fcnschen Ihnen viel Erfolg und freuen uns auf eine gemeinsame Zukunft. Telefonnummer Wirtschaft: &hellip; <\/p>\n<p><a class=\"more-link btn\" href=\"https:\/\/vdh-sindelfingen.de\/?page_id=271\">Weiterlesen<\/a><\/p>\n","protected":false},"author":4,"featured_media":0,"parent":0,"menu_order":0,"comment_status":"open","ping_status":"open","template":"","meta":{"pmpro_default_level":"","_mc_calendar":[],"footnotes":""},"class_list":["post-271","page","type-page","status-publish","hentry","pmpro-has-access","nodate","item-wrap"],"_links":{"self":[{"href":"https:\/\/vdh-sindelfingen.de\/index.php?rest_route=\/wp\/v2\/pages\/271","targetHints":{"allow":["GET"]}}],"collection":[{"href":"https:\/\/vdh-sindelfingen.de\/index.php?rest_route=\/wp\/v2\/pages"}],"about":[{"href":"https:\/\/vdh-sindelfingen.de\/index.php?rest_route=\/wp\/v2\/types\/page"}],"author":[{"embeddable":true,"href":"https:\/\/vdh-sindelfingen.de\/index.php?rest_route=\/wp\/v2\/users\/4"}],"replies":[{"embeddable":true,"href":"https:\/\/vdh-sindelfingen.de\/index.php?rest_route=%2Fwp%2Fv2%2Fcomments&post=271"}],"version-history":[{"count":11,"href":"https:\/\/vdh-sindelfingen.de\/index.php?rest_route=\/wp\/v2\/pages\/271\/revisions"}],"predecessor-version":[{"id":4280,"href":"https:\/\/vdh-sindelfingen.de\/index.php?rest_route=\/wp\/v2\/pages\/271\/revisions\/4280"}],"wp:attachment":[{"href":"https:\/\/vdh-sindelfingen.de\/index.php?rest_route=%2Fwp%2Fv2%2Fmedia&parent=271"}],"curies":[{"name":"wp","href":"https:\/\/api.w.org\/{rel}","templated":true}]}}