{"id":2734,"date":"2018-05-22T22:47:43","date_gmt":"2018-05-22T20:47:43","guid":{"rendered":"http:\/\/vdh-sindelfingen.de\/?page_id=2734"},"modified":"2021-10-13T11:10:18","modified_gmt":"2021-10-13T09:10:18","slug":"datenschutzerklaerung","status":"publish","type":"page","link":"https:\/\/vdh-sindelfingen.de\/?page_id=2734","title":{"rendered":"Impressum\/Datenschutzerkl\u00e4rung"},"content":{"rendered":"<h1>Impressum<\/h1>\n<p>Angaben gem\u00e4\u00df \u00a7 5 TMG:<\/p>\n<p>Verein der Hundefreunde Sindelfingen e. V.<br \/>\nEichholzer T\u00e4le<\/p>\n<p>71067 Sindelfingen<\/p>\n<h4>Vertreten durch:<\/h4>\n<p>Stephanie Walter (1. Vorsitzender)<\/p>\n<p>Verein der Hundefreunde Sindelfingen e. V.<br \/>\nEichholzer T\u00e4le<br \/>\n71067 Sindelfingen<\/p>\n<p><a href=\"mailto:1.Vorsitzender@hundefreunde-sindelfingen.de\">1.Vorsitzender (hier ein @ einsetzen) hundefreunde-sindelfingen.de<\/a><\/p>\n<p>Registereintrag:<\/p>\n<p>Eintragung im Vereinsregister.<br \/>\nRegistergericht: Amtsgericht B\u00f6blingen<br \/>\nRegisternummer: VR474<\/p>\n<h2>Haftungsausschluss:<\/h2>\n<p><strong>Haftung f\u00fcr Inhalte<\/strong><\/p>\n<p>Die Inhalte unserer Seiten wurden mit gr\u00f6\u00dfter Sorgfalt erstellt. F\u00fcr die Richtigkeit, Vollst\u00e4ndigkeit und Aktualit\u00e4t der Inhalte k\u00f6nnen wir jedoch keine Gew\u00e4hr \u00fcbernehmen. Als Diensteanbieter sind wir gem\u00e4\u00df \u00a7 7 Abs.1 TMG f\u00fcr eigene Inhalte auf diesen Seiten nach den allgemeinen Gesetzen verantwortlich. Nach \u00a7\u00a7 8 bis 10 TMG sind wir als Diensteanbieter jedoch nicht verpflichtet, \u00fcbermittelte oder gespeicherte fremde Informationen zu \u00fcberwachen oder nach Umst\u00e4nden zu forschen, die auf eine rechtswidrige T\u00e4tigkeit hinweisen. Verpflichtungen zur Entfernung oder Sperrung der Nutzung von Informationen nach den allgemeinen Gesetzen bleiben hiervon unber\u00fchrt. Eine diesbez\u00fcgliche Haftung ist jedoch erst ab dem Zeitpunkt der Kenntnis einer konkreten Rechtsverletzung m\u00f6glich. Bei Bekanntwerden von entsprechenden Rechtsverletzungen werden wir diese Inhalte umgehend entfernen.<\/p>\n<p><strong>Haftung f\u00fcr Links<\/strong><\/p>\n<p>Unser Angebot enth\u00e4lt Links zu externen Webseiten Dritter, auf deren Inhalte wir keinen Einfluss haben. Deshalb k\u00f6nnen wir f\u00fcr diese fremden Inhalte auch keine Gew\u00e4hr \u00fcbernehmen. F\u00fcr die Inhalte der verlinkten Seiten ist stets der jeweilige Anbieter oder Betreiber der Seiten verantwortlich. Die verlinkten Seiten wurden zum Zeitpunkt der Verlinkung auf m\u00f6gliche Rechtsverst\u00f6\u00dfe \u00fcberpr\u00fcft. Rechtswidrige Inhalte waren zum Zeitpunkt der Verlinkung nicht erkennbar. Eine permanente inhaltliche Kontrolle der verlinkten Seiten ist jedoch ohne konkrete Anhaltspunkte einer Rechtsverletzung nicht zumutbar. Bei Bekanntwerden von Rechtsverletzungen werden wir derartige Links umgehend entfernen.<\/p>\n<p><strong>Urheberrecht<\/strong><\/p>\n<p>Die durch die Seitenbetreiber erstellten Inhalte und Werke auf diesen Seiten unterliegen dem deutschen Urheberrecht. Die Vervielf\u00e4ltigung, Bearbeitung, Verbreitung und jede Art der Verwertung au\u00dferhalb der Grenzen des Urheberrechtes bed\u00fcrfen der schriftlichen Zustimmung des jeweiligen Autors bzw. Erstellers. Downloads und Kopien dieser Seite sind nur f\u00fcr den privaten, nicht kommerziellen Gebrauch gestattet. Soweit die Inhalte auf dieser Seite nicht vom Betreiber erstellt wurden, werden die Urheberrechte Dritter beachtet. Insbesondere werden Inhalte Dritter als solche gekennzeichnet. Sollten Sie trotzdem auf eine Urheberrechtsverletzung aufmerksam werden, bitten wir um einen entsprechenden Hinweis. Bei Bekanntwerden von Rechtsverletzungen werden wir derartige Inhalte umgehend entfernen.<\/p>\n<h1><strong>Datenschutzerkl\u00e4rung<\/strong><\/h1>\n<p><strong>\u00a0<\/strong><strong>Begriffsbestimmungen<\/strong><br \/>\nUnsere Datenschutzerkl\u00e4rung beruht auf den Begrifflichkeiten, die durch den Europ\u00e4ischen Richtlinien- und Verordnungsgeber beim Erlass der Datenschutz-Grundverordnung (DS-GVO) verwendet wurden. Sie soll sowohl f\u00fcr die \u00d6ffentlichkeit als auch f\u00fcr unsere Kunden und Gesch\u00e4ftspartner einfach lesbar und verst\u00e4ndlich sein.<\/p>\n<p><strong>Ihre Betroffenenrechte<\/strong><\/p>\n<p>Sie haben das Recht auf:<br \/>\nBest\u00e4tigung und Auskunft \u00fcber Ihre bei uns gespeicherten Daten und deren Verarbeitung,<br \/>\nBerichtigung unrichtiger personenbezogener Daten,<br \/>\nL\u00f6schung Ihrer bei uns gespeicherten Daten,<br \/>\nEinschr\u00e4nkung der Datenverarbeitung, sofern wir Ihre Daten aufgrund gesetzlicher Pflichten noch nicht l\u00f6schen d\u00fcrfen,<br \/>\nWiderspruch gegen die Verarbeitung Ihrer Daten bei uns<br \/>\nDaten\u00fcbertragbarkeit, sofern Sie in die Datenverarbeitung eingewilligt haben oder einen Vertrag mit uns abgeschlossen haben.<\/p>\n<p>Sofern Sie uns eine Einwilligung erteilt haben, k\u00f6nnen Sie diese jederzeit mit Wirkung f\u00fcr die Zukunft widerrufen.<\/p>\n<p><strong>Hosting\u00a0<\/strong><br \/>\nDie von uns in Anspruch genommenen Hosting-Leistungen dienen der Zurverf\u00fcgungstellung der folgenden Leistungen: Infrastruktur- und Plattformdienstleistungen, Rechenkapazit\u00e4t, Speicherplatz und Datenbankdienste, Sicherheitsleistungen sowie technische Wartungsleistungen, die wir zum Zwecke des Betriebs der Website einsetzen.<\/p>\n<p>Hierbei verarbeiten wir, bzw. unser Hosting Anbieter Bestandsdaten, Kontaktdaten, Inhaltsdaten, Vertragsdaten, Nutzungsdaten, Meta- und Kommunikationsdaten von Kunden, Interessenten und Besuchern dieses Onlineangebotes auf Grundlage unserer berechtigten Interessen an einer effizienten und sicheren Zurverf\u00fcgungstellung dieses Onlineangebotes gem. Art. 6 Abs. 1 S. 1 f) DSGVO i.V.m. Art. 28 DSGVO.<\/p>\n<p><strong>Erfassung allgemeiner Informationen beim Besuch unserer Website<\/strong><br \/>\nWenn Sie auf unsere Website zugreifen, werden automatisch Informationen allgemeiner Natur erfasst. Diese Informationen (Server-Logfiles) beinhalten<br \/>\nName und URL der abgerufenen Datei<br \/>\nDatum und Uhrzeit des Abrufs<br \/>\n\u00dcbertragene Datenmenge<br \/>\nMeldung \u00fcber erfolgreichen Abruf (http response code)<br \/>\nBrowsertyp und Browserversion<br \/>\nBetriebssystem<br \/>\nReferer URL (d. h. die zuvor besuchte Seite)<br \/>\nWebsites, die vom System des Nutzers \u00fcber unsere Webseite aufgerufen werden<br \/>\nIP-Adresse von welcher der Abruf erfolgt<\/p>\n<p>Hierbei handelt es sich ausschlie\u00dflich um Informationen, welche keine R\u00fcckschl\u00fcsse auf Ihre Person zulassen.<\/p>\n<p>Diese Informationen sind technisch notwendig, um von Ihnen angeforderte Inhalte von Webseiten korrekt auszuliefern und fallen bei Nutzung des Internets zwingend an. Sie werden insbesondere zu folgenden Zwecken verarbeitet:<br \/>\nSicherstellung eines problemlosen Verbindungsaufbaus der Website,<br \/>\nSicherstellung einer reibungslosen Nutzung unserer Website,<br \/>\nAuswertung der Systemsicherheit und -stabilit\u00e4t<\/p>\n<p><strong>Zwecke der Datenverarbeitung durch uns und Dritte <\/strong><\/p>\n<p>Die Verarbeitung Ihrer personenbezogenen Daten basiert auf unserem berechtigten Interesse aus den vorgenannten Zwecken zur Datenerhebung. Wir verwenden Ihre Daten nicht, um R\u00fcckschl\u00fcsse auf Ihre Person zu ziehen. Eine \u00dcbermittlung Ihrer pers\u00f6nlichen Daten an Dritte zu anderen als den genannten Zwecken findet nicht statt.<\/p>\n<p>Wir geben Ihre pers\u00f6nlichen Daten nur an Dritte weiter, wenn:<br \/>\nSie Ihre ausdr\u00fcckliche Einwilligung dazu erteilt haben,<br \/>\ndie Verarbeitung zur Abwicklung eines Vertrags mit Ihnen erforderlich ist,<br \/>\ndie Verarbeitung zur Erf\u00fcllung einer rechtlichen Verpflichtung erforderlich ist,<br \/>\ndie Verarbeitung zur Wahrung berechtigter Interessen erforderlich ist und kein Grund zur Annahme besteht, dass Sie ein \u00fcberwiegendes schutzw\u00fcrdiges Interesse an der Nichtweitergabe Ihrer Daten haben.<\/p>\n<p>Es findet keine Zusammenf\u00fchrung dieser Daten mit anderen Datenquellen statt.<\/p>\n<p>Eine Daten\u00fcbertragung an Stellen oder Personen au\u00dferhalb der EU au\u00dferhalb der in<br \/>\ndieser Erkl\u00e4rung genannten F\u00e4llen findet nicht statt und ist nicht geplant.<\/p>\n<p><strong>L\u00f6schung bzw. Sperrung der Daten\u00a0<\/strong><br \/>\nWir halten uns an die Grunds\u00e4tze der Datenvermeidung und Datensparsamkeit. Wir speichern Ihre personenbezogenen Daten daher nur so lange, wie dies zur Erreichung der hier genannten Zwecke erforderlich ist oder wie es die vom Gesetzgeber vorgesehenen vielf\u00e4ltigen Speicherfristen vorsehen. Nach Fortfall des jeweiligen Zweckes bzw. Ablauf dieser Fristen werden die entsprechenden Daten routinem\u00e4\u00dfig und entsprechend den gesetzlichen Vorschriften gesperrt oder gel\u00f6scht.<\/p>\n<p><strong>Erhebung personenbezogener Daten beim Besuch unserer Website<br \/>\n<\/strong>Diese Website basiert auf WordPress. WordPress ist eine freie Webanwendung zu<br \/>\nVerwaltung der Inhalte einer Website.<\/p>\n<p>Es werden keine Techniken verwendet, die dazu dienen, das Zugriffsverhalten einzelner Nutzer nachvollziehen zu k\u00f6nnen.<\/p>\n<p>Wenn Sie unsere Website betrachten m\u00f6chten, erheben wir bzw. unser Provider die in <strong>Erfassung allgemeiner Informationen beim Besuch unserer Website<\/strong> beschriebenen Daten in anonymisierter Form.<\/p>\n<p><strong>Wie lange werden anonymisierte Daten in Log Dateien gespreichert?<\/strong><br \/>\nBei den unter <strong>Erfassung allgemeiner Informationen beim Besuch unserer Website<\/strong> genannten Daten handelt es sich Server-Log-Dateien. Dabei wird die IP Adresse anonymisiert und die Logdateien nach 6 Wochen automatisch gel\u00f6scht.<\/p>\n<p><strong>Kontaktaufnahme per Email-Link und Telefon<\/strong><br \/>\nUnsere Webseite enth\u00e4lt, auch aufgrund gesetzlicher Vorschriften, Angaben, die eine schnelle elektronische Kontaktaufnahme zu uns sowie eine unmittelbare Kommunikation mit uns erm\u00f6glicht. Per E-Mail-Link oder telefonisch \u00fcbermittelte Anfragen werden einschlie\u00dflich Ihrer freiwillig \u00fcbermittelten Kontaktdaten gespeichert, um Ihre Anfrage bearbeiten zu k\u00f6nnen oder um f\u00fcr Anschlussfragen bereitzustehen. Eine Weitergabe dieser Daten findet ohne Ihre Einwilligung nicht statt. Per E-Mail \u00fcbermittelte Daten verbleiben bei uns, bis Sie uns zur L\u00f6schung auffordern. Ihre Einwilligung zur Speicherung widerrufen oder keine Notwendigkeit der Datenspeicherung mehr besteht. Zwingende gesetzliche Bestimmungen, insbesondere Aufbewahrungsfristen, bleiben unber\u00fchrt.<\/p>\n<p><strong>Technische Sicherheit<br \/>\n<\/strong>Wir haben nach dem Stand der Technik soweit technische Vorkehrungen getroffen, so dass kein unerlaubter Zugriff auf die genutzte technische Einrichtung<br \/>\nVdH-Sindelfingen.de m\u00f6glich ist und Sie damit gegen Verletzungen des Schutzes personenbezogener Daten und gegen St\u00f6rungen, auch soweit sie durch \u00e4u\u00dfere Angriffe bedingt sind, gesichert sind.<\/p>\n<p><strong>Aufkl\u00e4rung \u00fcber Risiken<\/strong><br \/>\nDas Internet ist leider ein Ort mit zahlreichen bekannten und bisher unbekannten Gefahren f\u00fcr die arglosen Nutzer. Darum m\u00fcssen wir Ihnen zus\u00e4tzlich mitteilen, dass trotz aller Sicherheitsvorkehrungen nach dem aktuellen Stand der Technik unsererseits, st\u00e4ndig damit zu rechnen ist, dass Dritte sich unberechtigt Zugriff auf Daten verschaffen. Wenn Sie diese Risiken nicht eingehen wollen, sollten Sie von der Nutzung des Internets absehen und sich telefonisch oder per Briefpost an uns wenden.<\/p>\n<p><strong>\u00c4nderung unserer Datenschutzbestimmungen\u00a0<\/strong><br \/>\nWir behalten uns vor, diese Datenschutzerkl\u00e4rung anzupassen, damit sie stets den aktuellen rechtlichen Anforderungen entspricht oder um \u00c4nderungen unserer Leistungen in der Datenschutzerkl\u00e4rung umzusetzen, z.B. bei der Einf\u00fchrung neuer Services. F\u00fcr Ihren erneuten Besuch gilt dann die neue Datenschutzerkl\u00e4rung.<\/p>\n<p>Diese Datenschutzerkl\u00e4rung wurde unter anderem aus folgenden Quellen erstellt:<br \/>\n<a href=\"http:\/\/www.mein-datenschutzbeauftragter.de\/\">mein-datenschutzbeauftragter.de<\/a><br \/>\n<a href=\"https:\/\/dg-datenschutz.de\/\">DGD Deutsche Gesellschaft f\u00fcr Datenschutz GmbH<\/a>,<br \/>\n<a href=\"https:\/\/www.activemind.de\/datenschutz\/datenschutzhinweis-generator\/\">activeMind AG<\/a><br \/>\n<a href=\"https:\/\/www.e-recht24.de\/artikel\/datenschutz\/6590-facebook-like-button-datenschutz-disclaimer.html\">eRecht24.de<\/a><\/p>\n<p><strong>Datenschutzerkl\u00e4rung f\u00fcr Cookies<\/strong><\/p>\n<p>Die Website VdH-Sindelfingen.de verwendet Cookies ausschlie\u00dflich f\u00fcr den administrativen Zugang, d.h. Pflege der Inhalte und Wartung. Bei der normalen Nutzung, Betrachten von Inhalten, werden auf Ihrem Internetbrowser keine Cookies gesetzt.<\/p>\n<p>Cookies sind kleine Textdateien, die es m\u00f6glich machen, auf dem Endger\u00e4t des Nutzers spezifische, auf den Nutzer bezogene Informationen zu speichern, w\u00e4hrend er die Website nutzt. Cookies\u00a0 erm\u00f6glichen es, insbesondere Nutzungsh\u00e4ufigkeiten und Nutzeranzahl der Seiten zu ermitteln sowie Verhaltensweisen der Seitennutzung zu analysieren. Cookies bleiben \u00fcber das Ende einer Browser-Sitzung gespeichert und k\u00f6nnen bei einem erneuten Seitenbesuch wieder aufgerufen werden. Wenn Sie das nicht w\u00fcnschen, sollten Sie Ihren Internetbrowser so einstellen, dass er die Annahme von Cookies verweigert.<\/p>\n","protected":false},"excerpt":{"rendered":"<p>Impressum Angaben gem\u00e4\u00df \u00a7 5 TMG: Verein der Hundefreunde Sindelfingen e. V. Eichholzer T\u00e4le 71067 Sindelfingen Vertreten durch: Stephanie Walter (1. Vorsitzender) Verein der Hundefreunde Sindelfingen e. V. Eichholzer T\u00e4le 71067 Sindelfingen 1.Vorsitzender (hier ein @ einsetzen) hundefreunde-sindelfingen.de Registereintrag: Eintragung im Vereinsregister. Registergericht: Amtsgericht B\u00f6blingen Registernummer: VR474 Haftungsausschluss: Haftung f\u00fcr Inhalte Die Inhalte unserer Seiten &hellip; <\/p>\n<p><a class=\"more-link btn\" href=\"https:\/\/vdh-sindelfingen.de\/?page_id=2734\">Weiterlesen<\/a><\/p>\n","protected":false},"author":4,"featured_media":0,"parent":0,"menu_order":0,"comment_status":"closed","ping_status":"closed","template":"","meta":{"pmpro_default_level":"","_mc_calendar":[],"footnotes":""},"class_list":["post-2734","page","type-page","status-publish","hentry","pmpro-has-access","nodate","item-wrap"],"_links":{"self":[{"href":"https:\/\/vdh-sindelfingen.de\/index.php?rest_route=\/wp\/v2\/pages\/2734","targetHints":{"allow":["GET"]}}],"collection":[{"href":"https:\/\/vdh-sindelfingen.de\/index.php?rest_route=\/wp\/v2\/pages"}],"about":[{"href":"https:\/\/vdh-sindelfingen.de\/index.php?rest_route=\/wp\/v2\/types\/page"}],"author":[{"embeddable":true,"href":"https:\/\/vdh-sindelfingen.de\/index.php?rest_route=\/wp\/v2\/users\/4"}],"replies":[{"embeddable":true,"href":"https:\/\/vdh-sindelfingen.de\/index.php?rest_route=%2Fwp%2Fv2%2Fcomments&post=2734"}],"version-history":[{"count":11,"href":"https:\/\/vdh-sindelfingen.de\/index.php?rest_route=\/wp\/v2\/pages\/2734\/revisions"}],"predecessor-version":[{"id":3514,"href":"https:\/\/vdh-sindelfingen.de\/index.php?rest_route=\/wp\/v2\/pages\/2734\/revisions\/3514"}],"wp:attachment":[{"href":"https:\/\/vdh-sindelfingen.de\/index.php?rest_route=%2Fwp%2Fv2%2Fmedia&parent=2734"}],"curies":[{"name":"wp","href":"https:\/\/api.w.org\/{rel}","templated":true}]}}